{"id":649,"date":"2025-07-14T06:14:30","date_gmt":"2025-07-14T04:14:30","guid":{"rendered":"https:\/\/eckl.law\/?page_id=649"},"modified":"2025-07-14T06:52:33","modified_gmt":"2025-07-14T04:52:33","slug":"ueber-uns","status":"publish","type":"page","link":"https:\/\/eckl.law\/?page_id=649","title":{"rendered":"\u00dcber uns"},"content":{"rendered":"<p><div class=\"fusion-fullwidth fullwidth-box fusion-builder-row-1 fusion-flex-container has-pattern-background has-mask-background nonhundred-percent-fullwidth non-hundred-percent-height-scrolling\" style=\"--awb-border-radius-top-left:0px;--awb-border-radius-top-right:0px;--awb-border-radius-bottom-right:0px;--awb-border-radius-bottom-left:0px;--awb-flex-wrap:wrap;\" ><div class=\"fusion-builder-row fusion-row fusion-flex-align-items-flex-start fusion-flex-content-wrap\" style=\"max-width:1248px;margin-left: calc(-4% \/ 2 );margin-right: calc(-4% \/ 2 );\"><div class=\"fusion-layout-column fusion_builder_column fusion-builder-column-0 fusion_builder_column_1_1 1_1 fusion-flex-column\" style=\"--awb-bg-size:cover;--awb-width-large:100%;--awb-margin-top-large:0px;--awb-spacing-right-large:1.92%;--awb-margin-bottom-large:20px;--awb-spacing-left-large:1.92%;--awb-width-medium:100%;--awb-order-medium:0;--awb-spacing-right-medium:1.92%;--awb-spacing-left-medium:1.92%;--awb-width-small:100%;--awb-order-small:0;--awb-spacing-right-small:1.92%;--awb-spacing-left-small:1.92%;\"><div class=\"fusion-column-wrapper fusion-column-has-shadow fusion-flex-justify-content-flex-start fusion-content-layout-column\"><div class=\"fusion-text fusion-text-1\"><h4>Startup mit 30 Jahren Erfahrung<\/h4>\n<p>Die Eckl Rechtsanwaltsgesellschaft mbH hat ihre T\u00e4tigkeit am 1.1.2025 aufgenommen. Sie ging aus der Hannemann, Eckl &amp; Moersch PartG mbB (Karlsruhe) hervor und wurde von Rechtsanwalt Peter H. Eckl, LL.M. errichtet. Damit stehen der neu gegr\u00fcndeten Gesellschaft rund 30 Jahre Anwaltserfahrung zur Verf\u00fcgung, mit Fokus auf die Beratung und Vertretung von mittelst\u00e4ndischen Unternehmen, Begleitung, Beratung und Gestaltung von Transaktionen und Rechtsstreitigkeiten in diesen Zusammenh\u00e4ngen.<\/p>\n<\/div><\/div><\/div><div class=\"fusion-layout-column fusion_builder_column fusion-builder-column-1 fusion_builder_column_1_3 1_3 fusion-flex-column\" style=\"--awb-bg-size:cover;--awb-width-large:33.333333333333%;--awb-margin-top-large:0px;--awb-spacing-right-large:5.76%;--awb-margin-bottom-large:20px;--awb-spacing-left-large:5.76%;--awb-width-medium:33.333333333333%;--awb-order-medium:0;--awb-spacing-right-medium:5.76%;--awb-spacing-left-medium:5.76%;--awb-width-small:100%;--awb-order-small:0;--awb-spacing-right-small:1.92%;--awb-spacing-left-small:1.92%;\"><div class=\"fusion-column-wrapper fusion-column-has-shadow fusion-flex-justify-content-flex-start fusion-content-layout-column\"><div class=\"fusion-image-element \" style=\"--awb-caption-title-font-family:var(--h2_typography-font-family);--awb-caption-title-font-weight:var(--h2_typography-font-weight);--awb-caption-title-font-style:var(--h2_typography-font-style);--awb-caption-title-size:var(--h2_typography-font-size);--awb-caption-title-transform:var(--h2_typography-text-transform);--awb-caption-title-line-height:var(--h2_typography-line-height);--awb-caption-title-letter-spacing:var(--h2_typography-letter-spacing);\"><span class=\" fusion-imageframe imageframe-none imageframe-1 hover-type-none\"><img decoding=\"async\" width=\"200\" height=\"300\" alt=\"Peter Eckl\" title=\"picturepeople-14_1670495970610\" src=\"https:\/\/eckl.law\/wp-content\/uploads\/2025\/02\/picturepeople-14_1670495970610-200x300.jpg\" class=\"img-responsive wp-image-379\" srcset=\"https:\/\/eckl.law\/wp-content\/uploads\/2025\/02\/picturepeople-14_1670495970610-200x300.jpg 200w, https:\/\/eckl.law\/wp-content\/uploads\/2025\/02\/picturepeople-14_1670495970610-400x600.jpg 400w, https:\/\/eckl.law\/wp-content\/uploads\/2025\/02\/picturepeople-14_1670495970610-600x900.jpg 600w, https:\/\/eckl.law\/wp-content\/uploads\/2025\/02\/picturepeople-14_1670495970610-800x1200.jpg 800w, https:\/\/eckl.law\/wp-content\/uploads\/2025\/02\/picturepeople-14_1670495970610-1200x1800.jpg 1200w, https:\/\/eckl.law\/wp-content\/uploads\/2025\/02\/picturepeople-14_1670495970610-scaled.jpg 1707w\" sizes=\"(max-width: 640px) 100vw, 400px\" \/><\/span><\/div><\/div><\/div><div class=\"fusion-layout-column fusion_builder_column fusion-builder-column-2 fusion_builder_column_1_3 1_3 fusion-flex-column\" style=\"--awb-bg-size:cover;--awb-width-large:33.333333333333%;--awb-margin-top-large:0px;--awb-spacing-right-large:5.76%;--awb-margin-bottom-large:20px;--awb-spacing-left-large:5.76%;--awb-width-medium:33.333333333333%;--awb-order-medium:0;--awb-spacing-right-medium:5.76%;--awb-spacing-left-medium:5.76%;--awb-width-small:100%;--awb-order-small:0;--awb-spacing-right-small:1.92%;--awb-spacing-left-small:1.92%;\"><div class=\"fusion-column-wrapper fusion-column-has-shadow fusion-flex-justify-content-flex-start fusion-content-layout-column\"><\/div><\/div><div class=\"fusion-layout-column fusion_builder_column fusion-builder-column-3 fusion_builder_column_1_3 1_3 fusion-flex-column\" style=\"--awb-bg-size:cover;--awb-width-large:33.333333333333%;--awb-margin-top-large:0px;--awb-spacing-right-large:5.76%;--awb-margin-bottom-large:20px;--awb-spacing-left-large:5.76%;--awb-width-medium:33.333333333333%;--awb-order-medium:0;--awb-spacing-right-medium:5.76%;--awb-spacing-left-medium:5.76%;--awb-width-small:100%;--awb-order-small:0;--awb-spacing-right-small:1.92%;--awb-spacing-left-small:1.92%;\"><div class=\"fusion-column-wrapper fusion-column-has-shadow fusion-flex-justify-content-flex-start fusion-content-layout-column\"><\/div><\/div><\/div><\/div><div class=\"fusion-fullwidth fullwidth-box fusion-builder-row-2 fusion-flex-container has-pattern-background has-mask-background nonhundred-percent-fullwidth non-hundred-percent-height-scrolling\" style=\"--awb-border-radius-top-left:0px;--awb-border-radius-top-right:0px;--awb-border-radius-bottom-right:0px;--awb-border-radius-bottom-left:0px;--awb-flex-wrap:wrap;\" ><div class=\"fusion-builder-row fusion-row fusion-flex-align-items-flex-start fusion-flex-content-wrap\" style=\"max-width:1248px;margin-left: calc(-4% \/ 2 );margin-right: calc(-4% \/ 2 );\"><div class=\"fusion-layout-column fusion_builder_column fusion-builder-column-4 fusion_builder_column_1_1 1_1 fusion-flex-column\" style=\"--awb-bg-size:cover;--awb-width-large:100%;--awb-margin-top-large:0px;--awb-spacing-right-large:1.92%;--awb-margin-bottom-large:20px;--awb-spacing-left-large:1.92%;--awb-width-medium:100%;--awb-order-medium:0;--awb-spacing-right-medium:1.92%;--awb-spacing-left-medium:1.92%;--awb-width-small:100%;--awb-order-small:0;--awb-spacing-right-small:1.92%;--awb-spacing-left-small:1.92%;\"><div class=\"fusion-column-wrapper fusion-column-has-shadow fusion-flex-justify-content-flex-start fusion-content-layout-column\"><div class=\"fusion-text fusion-text-2\"><h4>Unser Mandantenfokus<\/h4>\n<p>Unser Mandantenfokus liegt auf der rechtlichen Beratung und Vertretung von Unternehmen. Wir unterst\u00fctzen unsere Mandanten in rechtlichen Fragen, die im Gesch\u00e4ftsalltag auftreten k\u00f6nnen.<\/p>\n<\/div><div class=\"fusion-text fusion-text-3\"><h4>Sachlicher Fokus<\/h4>\n<p>Der sachliche Fokus liegt auf der pr\u00e4ventiven Rechtsberatung und Vertragsgestaltung.<\/p>\n<\/div><div class=\"fusion-text fusion-text-4\"><h4>Mandatsfokus<\/h4>\n<p>Wir beraten vorwiegend bei Transaktionen, d.h. Mergers &amp; Acquisitions (M&amp;A), Venture Capital &amp; Private Equity, Joint Ventures, Finanzierungsgesch\u00e4fte (Kredite, Leasing), Erwerb, Verkauf und Finanzierung von Gewerbe- oder Wohnimmobilien, Grundst\u00fcckskaufvertr\u00e4ge und gewerbliche Mietvertr\u00e4ge, Lizenzierung von geistigem Eigentum (z. B. Marken, Patente, Software), Liefer- und Vertriebsvertr\u00e4ge zwischen Unternehmen<\/p>\n<\/div><div class=\"fusion-text fusion-text-5\"><h4>Rechtsstreitigkeiten<\/h4>\n<p>In den von uns beratenen rechtlichen Bereichen vertreten wir unsere Mandanten auch gerichtlich. Dies schlie\u00dft die Vertretung vor den in Deutschland neu geschaffenen &#8222;Commercial Courts&#8220; und bei Schiedsgerichten &#8211; bei diesen beiden auch die Vertretung in englischer Verhandlungssprache &#8211; ein<\/p>\n<\/div><div class=\"fusion-text fusion-text-6\"><h4>Firm within the firm<\/h4>\n<p>Wir sind lokal und organisatorisch mit der HWS Karlsruhe Steuerberatungsgesellschaft mbH, den Steuerberatern Silvia Fehr und Stefan Sauter eng verbunden, was auch seinen Ausdruck darin findet, dass wir unsere Kanzlei innerhalb derselben B\u00fcror\u00e4ume betreiben. Das schafft kurze Wege bei steuerrechtlichen Fragen. Selbstverst\u00e4ndlich beachten wir hierbei streng das Mandatsgeheimnis. Unsere EDV und alle \u00fcbrigen relevanten Daten sind durch entsprechende &#8222;chinese walls&#8220; vollst\u00e4ndig getrennt.<\/p>\n<\/div><\/div><\/div><\/div><\/div><\/p>\n","protected":false},"excerpt":{"rendered":"","protected":false},"author":1,"featured_media":0,"parent":575,"menu_order":0,"comment_status":"closed","ping_status":"closed","template":"100-width.php","meta":{"footnotes":""},"class_list":["post-649","page","type-page","status-publish","hentry"],"lang":"de","translations":{"de":649,"en":193},"pll_sync_post":[],"_links":{"self":[{"href":"https:\/\/eckl.law\/index.php?rest_route=\/wp\/v2\/pages\/649","targetHints":{"allow":["GET"]}}],"collection":[{"href":"https:\/\/eckl.law\/index.php?rest_route=\/wp\/v2\/pages"}],"about":[{"href":"https:\/\/eckl.law\/index.php?rest_route=\/wp\/v2\/types\/page"}],"author":[{"embeddable":true,"href":"https:\/\/eckl.law\/index.php?rest_route=\/wp\/v2\/users\/1"}],"replies":[{"embeddable":true,"href":"https:\/\/eckl.law\/index.php?rest_route=%2Fwp%2Fv2%2Fcomments&post=649"}],"version-history":[{"count":6,"href":"https:\/\/eckl.law\/index.php?rest_route=\/wp\/v2\/pages\/649\/revisions"}],"predecessor-version":[{"id":662,"href":"https:\/\/eckl.law\/index.php?rest_route=\/wp\/v2\/pages\/649\/revisions\/662"}],"up":[{"embeddable":true,"href":"https:\/\/eckl.law\/index.php?rest_route=\/wp\/v2\/pages\/575"}],"wp:attachment":[{"href":"https:\/\/eckl.law\/index.php?rest_route=%2Fwp%2Fv2%2Fmedia&parent=649"}],"curies":[{"name":"wp","href":"https:\/\/api.w.org\/{rel}","templated":true}]}}

Über uns

<p><div class="fusion-fullwidth fullwidth-box fusion-builder-row-1 fusion-flex-container has-pattern-background has-mask-background nonhundred-percent-fullwidth non-hundred-percent-height-scrolling" style="--awb-border-radius-top-left:0px;--awb-border-radius-top-right:0px;--awb-border-radius-bottom-right:0px;--awb-border-radius-bottom-left:0px;--awb-flex-wrap:wrap;" ><div class="fusion-builder-row fusion-row fusion-flex-align-items-flex-start fusion-flex-content-wrap" style="max-width:1248px;margin-left: calc(-4% / 2 );margin-right: calc(-4% / 2 );"><div class="fusion-layout-column fusion_builder_column fusion-builder-column-0 fusion_builder_column_1_1 1_1 fusion-flex-column" style="--awb-bg-size:cover;--awb-width-large:100%;--awb-margin-top-large:0px;--awb-spacing-right-large:1.92%;--awb-margin-bottom-large:20px;--awb-spacing-left-large:1.92%;--awb-width-medium:100%;--awb-order-medium:0;--awb-spacing-right-medium:1.92%;--awb-spacing-left-medium:1.92%;--awb-width-small:100%;--awb-order-small:0;--awb-spacing-right-small:1.92%;--awb-spacing-left-small:1.92%;"><div class="fusion-column-wrapper fusion-column-has-shadow fusion-flex-justify-content-flex-start fusion-content-layout-column"><div class="fusion-text fusion-text-1"><h4>Startup mit 30 Jahren Erfahrung</h4>
<p>Die Eckl Rechtsanwaltsgesellschaft mbH hat ihre Tätigkeit am 1.1.2025 aufgenommen. Sie ging aus der Hannemann, Eckl &amp; Moersch PartG mbB (Karlsruhe) hervor und wurde von Rechtsanwalt Peter H. Eckl, LL.M. errichtet. Damit stehen der neu gegründeten Gesellschaft rund 30 Jahre Anwaltserfahrung zur Verfügung, mit Fokus auf die Beratung und Vertretung von mittelständischen Unternehmen, Begleitung, Beratung und Gestaltung von Transaktionen und Rechtsstreitigkeiten in diesen Zusammenhängen.</p>
</div></div></div><div class="fusion-layout-column fusion_builder_column fusion-builder-column-1 fusion_builder_column_1_3 1_3 fusion-flex-column" style="--awb-bg-size:cover;--awb-width-large:33.333333333333%;--awb-margin-top-large:0px;--awb-spacing-right-large:5.76%;--awb-margin-bottom-large:20px;--awb-spacing-left-large:5.76%;--awb-width-medium:33.333333333333%;--awb-order-medium:0;--awb-spacing-right-medium:5.76%;--awb-spacing-left-medium:5.76%;--awb-width-small:100%;--awb-order-small:0;--awb-spacing-right-small:1.92%;--awb-spacing-left-small:1.92%;"><div class="fusion-column-wrapper fusion-column-has-shadow fusion-flex-justify-content-flex-start fusion-content-layout-column"><div class="fusion-image-element " style="--awb-caption-title-font-family:var(--h2_typography-font-family);--awb-caption-title-font-weight:var(--h2_typography-font-weight);--awb-caption-title-font-style:var(--h2_typography-font-style);--awb-caption-title-size:var(--h2_typography-font-size);--awb-caption-title-transform:var(--h2_typography-text-transform);--awb-caption-title-line-height:var(--h2_typography-line-height);--awb-caption-title-letter-spacing:var(--h2_typography-letter-spacing);"><span class=" fusion-imageframe imageframe-none imageframe-1 hover-type-none"><img decoding="async" width="200" height="300" alt="Peter Eckl" title="picturepeople-14_1670495970610" src="https://eckl.law/wp-content/uploads/2025/02/picturepeople-14_1670495970610-200x300.jpg" class="img-responsive wp-image-379" srcset="https://eckl.law/wp-content/uploads/2025/02/picturepeople-14_1670495970610-200x300.jpg 200w, https://eckl.law/wp-content/uploads/2025/02/picturepeople-14_1670495970610-400x600.jpg 400w, https://eckl.law/wp-content/uploads/2025/02/picturepeople-14_1670495970610-600x900.jpg 600w, https://eckl.law/wp-content/uploads/2025/02/picturepeople-14_1670495970610-800x1200.jpg 800w, https://eckl.law/wp-content/uploads/2025/02/picturepeople-14_1670495970610-1200x1800.jpg 1200w, https://eckl.law/wp-content/uploads/2025/02/picturepeople-14_1670495970610-scaled.jpg 1707w" sizes="(max-width: 640px) 100vw, 400px" /></span></div></div></div><div class="fusion-layout-column fusion_builder_column fusion-builder-column-2 fusion_builder_column_1_3 1_3 fusion-flex-column" style="--awb-bg-size:cover;--awb-width-large:33.333333333333%;--awb-margin-top-large:0px;--awb-spacing-right-large:5.76%;--awb-margin-bottom-large:20px;--awb-spacing-left-large:5.76%;--awb-width-medium:33.333333333333%;--awb-order-medium:0;--awb-spacing-right-medium:5.76%;--awb-spacing-left-medium:5.76%;--awb-width-small:100%;--awb-order-small:0;--awb-spacing-right-small:1.92%;--awb-spacing-left-small:1.92%;"><div class="fusion-column-wrapper fusion-column-has-shadow fusion-flex-justify-content-flex-start fusion-content-layout-column"></div></div><div class="fusion-layout-column fusion_builder_column fusion-builder-column-3 fusion_builder_column_1_3 1_3 fusion-flex-column" style="--awb-bg-size:cover;--awb-width-large:33.333333333333%;--awb-margin-top-large:0px;--awb-spacing-right-large:5.76%;--awb-margin-bottom-large:20px;--awb-spacing-left-large:5.76%;--awb-width-medium:33.333333333333%;--awb-order-medium:0;--awb-spacing-right-medium:5.76%;--awb-spacing-left-medium:5.76%;--awb-width-small:100%;--awb-order-small:0;--awb-spacing-right-small:1.92%;--awb-spacing-left-small:1.92%;"><div class="fusion-column-wrapper fusion-column-has-shadow fusion-flex-justify-content-flex-start fusion-content-layout-column"></div></div></div></div><div class="fusion-fullwidth fullwidth-box fusion-builder-row-2 fusion-flex-container has-pattern-background has-mask-background nonhundred-percent-fullwidth non-hundred-percent-height-scrolling" style="--awb-border-radius-top-left:0px;--awb-border-radius-top-right:0px;--awb-border-radius-bottom-right:0px;--awb-border-radius-bottom-left:0px;--awb-flex-wrap:wrap;" ><div class="fusion-builder-row fusion-row fusion-flex-align-items-flex-start fusion-flex-content-wrap" style="max-width:1248px;margin-left: calc(-4% / 2 );margin-right: calc(-4% / 2 );"><div class="fusion-layout-column fusion_builder_column fusion-builder-column-4 fusion_builder_column_1_1 1_1 fusion-flex-column" style="--awb-bg-size:cover;--awb-width-large:100%;--awb-margin-top-large:0px;--awb-spacing-right-large:1.92%;--awb-margin-bottom-large:20px;--awb-spacing-left-large:1.92%;--awb-width-medium:100%;--awb-order-medium:0;--awb-spacing-right-medium:1.92%;--awb-spacing-left-medium:1.92%;--awb-width-small:100%;--awb-order-small:0;--awb-spacing-right-small:1.92%;--awb-spacing-left-small:1.92%;"><div class="fusion-column-wrapper fusion-column-has-shadow fusion-flex-justify-content-flex-start fusion-content-layout-column"><div class="fusion-text fusion-text-2"><h4>Unser Mandantenfokus</h4>
<p>Unser Mandantenfokus liegt auf der rechtlichen Beratung und Vertretung von Unternehmen. Wir unterstützen unsere Mandanten in rechtlichen Fragen, die im Geschäftsalltag auftreten können.</p>
</div><div class="fusion-text fusion-text-3"><h4>Sachlicher Fokus</h4>
<p>Der sachliche Fokus liegt auf der präventiven Rechtsberatung und Vertragsgestaltung.</p>
</div><div class="fusion-text fusion-text-4"><h4>Mandatsfokus</h4>
<p>Wir beraten vorwiegend bei Transaktionen, d.h. Mergers &amp; Acquisitions (M&amp;A), Venture Capital &amp; Private Equity, Joint Ventures, Finanzierungsgeschäfte (Kredite, Leasing), Erwerb, Verkauf und Finanzierung von Gewerbe- oder Wohnimmobilien, Grundstückskaufverträge und gewerbliche Mietverträge, Lizenzierung von geistigem Eigentum (z. B. Marken, Patente, Software), Liefer- und Vertriebsverträge zwischen Unternehmen</p>
</div><div class="fusion-text fusion-text-5"><h4>Rechtsstreitigkeiten</h4>
<p>In den von uns beratenen rechtlichen Bereichen vertreten wir unsere Mandanten auch gerichtlich. Dies schließt die Vertretung vor den in Deutschland neu geschaffenen &#8222;Commercial Courts&#8220; und bei Schiedsgerichten &#8211; bei diesen beiden auch die Vertretung in englischer Verhandlungssprache &#8211; ein</p>
</div><div class="fusion-text fusion-text-6"><h4>Firm within the firm</h4>
<p>Wir sind lokal und organisatorisch mit der HWS Karlsruhe Steuerberatungsgesellschaft mbH, den Steuerberatern Silvia Fehr und Stefan Sauter eng verbunden, was auch seinen Ausdruck darin findet, dass wir unsere Kanzlei innerhalb derselben Büroräume betreiben. Das schafft kurze Wege bei steuerrechtlichen Fragen. Selbstverständlich beachten wir hierbei streng das Mandatsgeheimnis. Unsere EDV und alle übrigen relevanten Daten sind durch entsprechende &#8222;chinese walls&#8220; vollständig getrennt.</p>
</div></div></div></div></div></p>
